{"id":1078,"date":"2024-02-21T21:26:15","date_gmt":"2024-02-21T20:26:15","guid":{"rendered":"http:\/\/biorami.com\/?page_id=1078"},"modified":"2024-02-29T21:19:32","modified_gmt":"2024-02-29T20:19:32","slug":"zamowienia","status":"publish","type":"page","link":"https:\/\/biorami.com\/?page_id=1078","title":{"rendered":"Zam\u00f3wienia"},"content":{"rendered":"<p><div class=\"fusion-fullwidth fullwidth-box fusion-builder-row-1 fusion-flex-container has-pattern-background has-mask-background hundred-percent-fullwidth non-hundred-percent-height-scrolling\" style=\"--awb-border-radius-top-left:0px;--awb-border-radius-top-right:0px;--awb-border-radius-bottom-right:0px;--awb-border-radius-bottom-left:0px;--awb-padding-right:0px;--awb-padding-left:0px;--awb-flex-wrap:wrap;\" ><div class=\"fusion-builder-row fusion-row fusion-flex-align-items-stretch fusion-flex-content-wrap\" style=\"width:calc( 100% + 0px ) !important;max-width:calc( 100% + 0px ) !important;margin-left: calc(-0px \/ 2 );margin-right: calc(-0px \/ 2 );\"><div class=\"fusion-layout-column fusion_builder_column fusion-builder-column-0 fusion_builder_column_1_2 1_2 fusion-flex-column fusion-animated\" style=\"--awb-bg-size:cover;--awb-width-large:50%;--awb-margin-top-large:0px;--awb-spacing-right-large:0px;--awb-margin-bottom-large:0px;--awb-spacing-left-large:0px;--awb-width-medium:50%;--awb-order-medium:0;--awb-spacing-right-medium:0px;--awb-spacing-left-medium:0px;--awb-width-small:100%;--awb-order-small:0;--awb-spacing-right-small:0px;--awb-spacing-left-small:0px;\" data-animationType=\"fadeIn\" data-animationDuration=\"1.3\" data-animationOffset=\"top-into-view\"><div class=\"fusion-column-wrapper lazyload fusion-column-has-shadow fusion-flex-justify-content-flex-start fusion-content-layout-column fusion-empty-column-bg-image fusion-column-has-bg-image\" data-bg-url=\"http:\/\/biorami.com\/wp-content\/uploads\/2024\/02\/len_002.jpg\" data-bg=\"http:\/\/biorami.com\/wp-content\/uploads\/2024\/02\/len_002.jpg\"><img decoding=\"async\" class=\"fusion-empty-dims-img-placeholder fusion-no-large-visibility fusion-no-medium-visibility\" src=\"data:image\/gif;base64,R0lGODlhAQABAAAAACH5BAEKAAEALAAAAAABAAEAAAICTAEAOw==\"><\/div><\/div><div class=\"fusion-layout-column fusion_builder_column fusion-builder-column-1 fusion_builder_column_1_2 1_2 fusion-flex-column fusion-animated\" style=\"--awb-padding-top:7vw;--awb-padding-right:8vw;--awb-padding-bottom:14vw;--awb-padding-left:8vw;--awb-padding-top-medium:100px;--awb-padding-right-medium:55px;--awb-padding-bottom-medium:180px;--awb-padding-left-medium:55px;--awb-bg-size:cover;--awb-width-large:50%;--awb-margin-top-large:0px;--awb-spacing-right-large:0px;--awb-margin-bottom-large:0px;--awb-spacing-left-large:0px;--awb-width-medium:50%;--awb-order-medium:0;--awb-spacing-right-medium:0px;--awb-spacing-left-medium:0px;--awb-width-small:100%;--awb-order-small:1;--awb-spacing-right-small:0px;--awb-spacing-left-small:0px;\" data-animationType=\"fadeInUp\" data-animationDuration=\"1.3\" data-animationOffset=\"top-into-view\"><div class=\"fusion-column-wrapper fusion-column-has-shadow fusion-flex-justify-content-flex-start fusion-content-layout-column\"><div class=\"fusion-title title fusion-title-1 fusion-no-small-visibility fusion-no-medium-visibility fusion-sep-none fusion-title-center fusion-title-text fusion-title-size-one\" style=\"--awb-text-color:var(--awb-color1);--awb-margin-top:0px;\"><h1 class=\"fusion-title-heading title-heading-center fusion-responsive-typography-calculated\" style=\"margin:0;--fontSize:68;line-height:var(--awb-typography1-line-height);\">ZASADY SK\u0141ADANIA ZAM\u00d3WIE\u0143<\/h1><\/div><div class=\"fusion-title title fusion-title-2 fusion-no-large-visibility fusion-sep-none fusion-title-center fusion-title-text fusion-title-size-one\" style=\"--awb-text-color:var(--awb-color1);--awb-margin-top:0px;--awb-font-size:48px;\"><h1 class=\"fusion-title-heading title-heading-center fusion-responsive-typography-calculated\" style=\"margin:0;font-size:1em;--fontSize:48;line-height:var(--awb-typography1-line-height);\">ZASADY SK\u0141ADANIA ZAM\u00d3WIE\u0143<\/h1><\/div><div class=\"fusion-text fusion-text-1\" style=\"--awb-content-alignment:center;--awb-text-color:var(--awb-color1);\"><p>Obecnie zam\u00f3wienia mo\u017cna sk\u0142ada\u0107 drog\u0105 mailow\u0105 na adres <span style=\"color: #ffffff;\"><a style=\"color: #ffffff;\" href=\"mailto:biuro@raymar.pl\">biuro@raymar.pl<\/a><\/span> lub za pomoc\u0105 formularza kontaktowego. W tre\u015bci maila nale\u017cy wskaza\u0107 nazw\u0119 produkt\u00f3w zgodn\u0105 z nazw\u0105 podan\u0105 w zak\u0142adce \u201eProdukty\u201d, ich liczb\u0119\/ ilo\u015b\u0107 oraz adres dostawy.<br \/>Po z\u0142o\u017ceniu zam\u00f3wienia sprzedawca niezw\u0142ocznie przedstawi kupuj\u0105cemu drog\u0105 mailow\u0105:warunki p\u0142atno\u015bci, spos\u00f3b dostawy, koszty dostawy oraz czas oczekiwania na produkty. Je\u015bli kupuj\u0105cy zaakceptuje ww. warunki i dokona p\u0142atno\u015bci, sprzedawca niezw\u0142ocznie przyst\u0105pi do realizacji zam\u00f3wienia. W przeciwnym razie zam\u00f3wienie zostanie anulowane.<\/p>\n<p>Na dole strony znajdziesz odno\u015bnik do zasad dotycz\u0105cych reklamacji i zwrot\u00f3w.<\/p>\n<\/div><div style=\"text-align:center;\"><a class=\"fusion-button button-flat fusion-button-default-size button-custom fusion-button-default button-1 fusion-button-default-span fusion-button-default-type\" style=\"--button_accent_color:var(--awb-color1);--button_accent_hover_color:var(--awb-color1);--button_border_hover_color:hsla(var(--awb-color6-h),var(--awb-color6-s),calc(var(--awb-color6-l) - 5%),var(--awb-color6-a));--button_border_width-top:2px;--button_border_width-right:2px;--button_border_width-bottom:2px;--button_border_width-left:2px;--button_gradient_top_color:hsla(var(--awb-color8-h),var(--awb-color8-s),var(--awb-color8-l),calc(var(--awb-color8-a) - 100%));--button_gradient_bottom_color:hsla(var(--awb-color8-h),var(--awb-color8-s),var(--awb-color8-l),calc(var(--awb-color8-a) - 100%));--button_gradient_top_color_hover:hsla(var(--awb-color6-h),var(--awb-color6-s),calc(var(--awb-color6-l) - 5%),var(--awb-color6-a));--button_gradient_bottom_color_hover:hsla(var(--awb-color6-h),var(--awb-color6-s),calc(var(--awb-color6-l) - 5%),var(--awb-color6-a));--button_text_transform:var(--awb-typography3-text-transform);--button_font_size:14px;--button_line_height:var(--awb-typography3-line-height);--button_typography-letter-spacing:var(--awb-typography3-letter-spacing);--button_typography-font-family:var(--awb-typography3-font-family);--button_typography-font-weight:var(--awb-typography3-font-weight);--button_typography-font-style:var(--awb-typography3-font-style);--button_margin-top:30px;\" target=\"_self\" data-hover=\"text_slide_up\" href=\"http:\/\/biorami.com\/?page_id=1112\"><div class=\"awb-button-text-transition\"><span class=\"fusion-button-text\">Nasze produkty<\/span><span class=\"fusion-button-text\">Nasze produkty<\/span><\/div><\/a><\/div><\/div><\/div><\/div><\/div><div class=\"fusion-fullwidth fullwidth-box fusion-builder-row-2 fusion-flex-container has-pattern-background has-mask-background nonhundred-percent-fullwidth non-hundred-percent-height-scrolling\" style=\"--awb-border-radius-top-left:0px;--awb-border-radius-top-right:0px;--awb-border-radius-bottom-right:0px;--awb-border-radius-bottom-left:0px;--awb-padding-top:150px;--awb-padding-bottom:150px;--awb-padding-top-medium:120px;--awb-padding-bottom-medium:120px;--awb-background-color:var(--awb-color2);--awb-flex-wrap:wrap;\" ><div class=\"fusion-builder-row fusion-row fusion-flex-align-items-flex-start fusion-flex-content-wrap\" style=\"max-width:1268.8px;margin-left: calc(-4% \/ 2 );margin-right: calc(-4% \/ 2 );\"><div class=\"fusion-layout-column fusion_builder_column fusion-builder-column-2 fusion_builder_column_1_1 1_1 fusion-flex-column\" style=\"--awb-bg-size:cover;--awb-width-large:100%;--awb-margin-top-large:0px;--awb-spacing-right-large:1.92%;--awb-margin-bottom-large:0px;--awb-spacing-left-large:1.92%;--awb-width-medium:100%;--awb-order-medium:0;--awb-spacing-right-medium:1.92%;--awb-spacing-left-medium:1.92%;--awb-width-small:100%;--awb-order-small:0;--awb-spacing-right-small:1.92%;--awb-spacing-left-small:1.92%;\"><div class=\"fusion-column-wrapper fusion-column-has-shadow fusion-flex-justify-content-flex-start fusion-content-layout-column\"><div class=\"fusion-title title fusion-title-3 fusion-sep-none fusion-title-center fusion-title-text fusion-title-size-three\" style=\"--awb-text-color:var(--awb-color7);--awb-margin-top:0px;--awb-margin-bottom:20px;\"><h3 class=\"fusion-title-heading title-heading-center fusion-responsive-typography-calculated\" style=\"margin:0;--fontSize:43;line-height:var(--awb-typography1-line-height);\">Zasady dotycz\u0105ce reklamacji i zwrot\u00f3w<\/h3><\/div><div style=\"text-align:center;\"><a class=\"fusion-button button-flat fusion-button-default-size button-custom fusion-button-default button-2 fusion-button-default-span fusion-button-default-type\" style=\"--button_accent_color:#000000;--button_border_color:#000000;--button_accent_hover_color:var(--awb-color1);--button_border_hover_color:hsla(var(--awb-color6-h),var(--awb-color6-s),calc(var(--awb-color6-l) - 5%),var(--awb-color6-a));--button_border_width-top:2px;--button_border_width-right:2px;--button_border_width-bottom:2px;--button_border_width-left:2px;--button_gradient_top_color:hsla(var(--awb-color8-h),var(--awb-color8-s),var(--awb-color8-l),calc(var(--awb-color8-a) - 100%));--button_gradient_bottom_color:hsla(var(--awb-color8-h),var(--awb-color8-s),var(--awb-color8-l),calc(var(--awb-color8-a) - 100%));--button_gradient_top_color_hover:hsla(var(--awb-color6-h),var(--awb-color6-s),calc(var(--awb-color6-l) - 5%),var(--awb-color6-a));--button_gradient_bottom_color_hover:hsla(var(--awb-color6-h),var(--awb-color6-s),calc(var(--awb-color6-l) - 5%),var(--awb-color6-a));--button_text_transform:var(--awb-typography3-text-transform);--button_font_size:14px;--button_line_height:var(--awb-typography3-line-height);--button_typography-letter-spacing:var(--awb-typography3-letter-spacing);--button_typography-font-family:var(--awb-typography3-font-family);--button_typography-font-weight:var(--awb-typography3-font-weight);--button_typography-font-style:var(--awb-typography3-font-style);--button_margin-top:30px;\" target=\"_self\" data-hover=\"text_slide_up\" href=\"http:\/\/biorami.com\/?page_id=1091\"><div class=\"awb-button-text-transition\"><span class=\"fusion-button-text\">Czytaj dalej&#8230;<\/span><span class=\"fusion-button-text\">Czytaj dalej&#8230;<\/span><\/div><\/a><\/div><\/div><\/div><\/div><\/div><\/p>\n","protected":false},"excerpt":{"rendered":"","protected":false},"author":1,"featured_media":0,"parent":0,"menu_order":0,"comment_status":"closed","ping_status":"closed","template":"100-width.php","meta":{"footnotes":""},"class_list":["post-1078","page","type-page","status-publish","hentry"],"yoast_head":"<!-- This site is optimized with the Yoast SEO plugin v24.0 - https:\/\/yoast.com\/wordpress\/plugins\/seo\/ -->\n<title>Zam\u00f3wienia - BIORAMI<\/title>\n<meta name=\"robots\" content=\"index, follow, max-snippet:-1, max-image-preview:large, max-video-preview:-1\" \/>\n<link rel=\"canonical\" href=\"https:\/\/biorami.com\/?page_id=1078\" \/>\n<meta property=\"og:locale\" content=\"pl_PL\" \/>\n<meta property=\"og:type\" content=\"article\" \/>\n<meta property=\"og:title\" content=\"Zam\u00f3wienia - BIORAMI\" \/>\n<meta property=\"og:url\" content=\"https:\/\/biorami.com\/?page_id=1078\" \/>\n<meta property=\"og:site_name\" content=\"BIORAMI\" \/>\n<meta property=\"article:modified_time\" content=\"2024-02-29T20:19:32+00:00\" \/>\n<meta name=\"twitter:card\" content=\"summary_large_image\" \/>\n<meta name=\"twitter:label1\" content=\"Szacowany czas czytania\" \/>\n\t<meta name=\"twitter:data1\" content=\"4 minuty\" \/>\n<script type=\"application\/ld+json\" class=\"yoast-schema-graph\">{\"@context\":\"https:\/\/schema.org\",\"@graph\":[{\"@type\":\"WebPage\",\"@id\":\"https:\/\/biorami.com\/?page_id=1078\",\"url\":\"https:\/\/biorami.com\/?page_id=1078\",\"name\":\"Zam\u00f3wienia - BIORAMI\",\"isPartOf\":{\"@id\":\"https:\/\/biorami.com\/#website\"},\"datePublished\":\"2024-02-21T20:26:15+00:00\",\"dateModified\":\"2024-02-29T20:19:32+00:00\",\"breadcrumb\":{\"@id\":\"https:\/\/biorami.com\/?page_id=1078#breadcrumb\"},\"inLanguage\":\"pl-PL\",\"potentialAction\":[{\"@type\":\"ReadAction\",\"target\":[\"https:\/\/biorami.com\/?page_id=1078\"]}]},{\"@type\":\"BreadcrumbList\",\"@id\":\"https:\/\/biorami.com\/?page_id=1078#breadcrumb\",\"itemListElement\":[{\"@type\":\"ListItem\",\"position\":1,\"name\":\"Home\",\"item\":\"https:\/\/biorami.com\/\"},{\"@type\":\"ListItem\",\"position\":2,\"name\":\"Zam\u00f3wienia\"}]},{\"@type\":\"WebSite\",\"@id\":\"https:\/\/biorami.com\/#website\",\"url\":\"https:\/\/biorami.com\/\",\"name\":\"BIORAMI\",\"description\":\"SUSZONE OWOCE, LEN I KONOPIE\",\"potentialAction\":[{\"@type\":\"SearchAction\",\"target\":{\"@type\":\"EntryPoint\",\"urlTemplate\":\"https:\/\/biorami.com\/?s={search_term_string}\"},\"query-input\":{\"@type\":\"PropertyValueSpecification\",\"valueRequired\":true,\"valueName\":\"search_term_string\"}}],\"inLanguage\":\"pl-PL\"}]}<\/script>\n<!-- \/ Yoast SEO plugin. -->","yoast_head_json":{"title":"Zam\u00f3wienia - BIORAMI","robots":{"index":"index","follow":"follow","max-snippet":"max-snippet:-1","max-image-preview":"max-image-preview:large","max-video-preview":"max-video-preview:-1"},"canonical":"https:\/\/biorami.com\/?page_id=1078","og_locale":"pl_PL","og_type":"article","og_title":"Zam\u00f3wienia - BIORAMI","og_url":"https:\/\/biorami.com\/?page_id=1078","og_site_name":"BIORAMI","article_modified_time":"2024-02-29T20:19:32+00:00","twitter_card":"summary_large_image","twitter_misc":{"Szacowany czas czytania":"4 minuty"},"schema":{"@context":"https:\/\/schema.org","@graph":[{"@type":"WebPage","@id":"https:\/\/biorami.com\/?page_id=1078","url":"https:\/\/biorami.com\/?page_id=1078","name":"Zam\u00f3wienia - BIORAMI","isPartOf":{"@id":"https:\/\/biorami.com\/#website"},"datePublished":"2024-02-21T20:26:15+00:00","dateModified":"2024-02-29T20:19:32+00:00","breadcrumb":{"@id":"https:\/\/biorami.com\/?page_id=1078#breadcrumb"},"inLanguage":"pl-PL","potentialAction":[{"@type":"ReadAction","target":["https:\/\/biorami.com\/?page_id=1078"]}]},{"@type":"BreadcrumbList","@id":"https:\/\/biorami.com\/?page_id=1078#breadcrumb","itemListElement":[{"@type":"ListItem","position":1,"name":"Home","item":"https:\/\/biorami.com\/"},{"@type":"ListItem","position":2,"name":"Zam\u00f3wienia"}]},{"@type":"WebSite","@id":"https:\/\/biorami.com\/#website","url":"https:\/\/biorami.com\/","name":"BIORAMI","description":"SUSZONE OWOCE, LEN I KONOPIE","potentialAction":[{"@type":"SearchAction","target":{"@type":"EntryPoint","urlTemplate":"https:\/\/biorami.com\/?s={search_term_string}"},"query-input":{"@type":"PropertyValueSpecification","valueRequired":true,"valueName":"search_term_string"}}],"inLanguage":"pl-PL"}]}},"_links":{"self":[{"href":"https:\/\/biorami.com\/index.php?rest_route=\/wp\/v2\/pages\/1078","targetHints":{"allow":["GET"]}}],"collection":[{"href":"https:\/\/biorami.com\/index.php?rest_route=\/wp\/v2\/pages"}],"about":[{"href":"https:\/\/biorami.com\/index.php?rest_route=\/wp\/v2\/types\/page"}],"author":[{"embeddable":true,"href":"https:\/\/biorami.com\/index.php?rest_route=\/wp\/v2\/users\/1"}],"replies":[{"embeddable":true,"href":"https:\/\/biorami.com\/index.php?rest_route=%2Fwp%2Fv2%2Fcomments&post=1078"}],"version-history":[{"count":12,"href":"https:\/\/biorami.com\/index.php?rest_route=\/wp\/v2\/pages\/1078\/revisions"}],"predecessor-version":[{"id":1219,"href":"https:\/\/biorami.com\/index.php?rest_route=\/wp\/v2\/pages\/1078\/revisions\/1219"}],"wp:attachment":[{"href":"https:\/\/biorami.com\/index.php?rest_route=%2Fwp%2Fv2%2Fmedia&parent=1078"}],"curies":[{"name":"wp","href":"https:\/\/api.w.org\/{rel}","templated":true}]}}